vative of 16*r**3/3 + 27*r**2/2 - 7*r. Is o(13) composite?
False
Suppose 0 = 5*m + 4*q - 28877, q = 3*m - 11999 - 5334. Is m composite?
True
Suppose 0 = -5*t + 3*t - 4*p + 20, 4*p - 24 = -4*t. Let m be (-2)/(2/(-29))*1. Let f = m + t. Is f composite?
False
Let n = 83 - 4. Suppose -13*m + 14*m - n = 0. Is m a composite number?
False
Let h(b) = 18*b - 13*b - 5*b**2 + 4*b**3 + 10*b - 5. Is h(6) a prime number?
True
Let g(k) = -192*k + 13. Is g(-6) a composite number?
True
Let i = 671 + 30. Is i a composite number?
False
Let s = 2267 + -1618. Is s composite?
True
Suppose 4*b = -3*n + 42508, -3*n + 21254 = 2*b - 0*n. Is b composite?
False
Let c be (-3)/(-5) + (-63910)/(-25) + 7. Suppose -2950 - c = -2*s. Is s a composite number?
True
Suppose -14*q = -23*q + 100179. Is q composite?
False
Let f(i) = 449*i - 333. Is f(14) composite?
False
Let o(k) = 5*k - 11. Let b(g) = 14*g - 32. Let t(l) = 4*b(l) - 11*o(l). Let i be t(9). Suppose -2*r + 11 = q - 125, -i*q = 3*r - 203. Is r composite?
True
Suppose -2*n - 83 = -3*n + 4*k, 0 = 5*n - k - 358. Suppose -263 - n = -o. Is o composite?
True
Let l = 418 - 286. Suppose 2*n - 144 = b + 148, -4*b = 4*n - 596. Suppose -m + n = -4*r, m + 0*m - l = r. Is m a prime number?
True
Suppose 5*j = 1412 + 3848. Let v = -390 + j. Is v prime?
False
Let r be (1 + 2 + 2)/1. Let c(a) be the second derivative of a**5/20 - a**4/6 + a**3/3 + a**2 - a. Is c(r) composite?
True
Let b(w) = -3*w - 14. Suppose 3*a + 26 = -3*s - 1, 3*s = 5*a + 21. Let z be b(a). Suppose z*d - 821 - 3 = -4*j, 4*j - d = 849. Is j composite?
False
Let w be -4 - (3 - (2 + -3)). Is (-5433)/w - (-18)/(-144) prime?
False
Let w = -11 + 18. Suppose w + 8 = -5*d. Is (-1)/d*(3 - -264) a composite number?
False
Suppose 3*r + 20 + 40 = -2*h, -12 = 4*h. Let f = 10 + r. Is (62/3)/(f/(-84)) a composite number?
True
Suppose -4*m + 87 = -5*i, -8*m + 3*m + 3*i + 125 = 0. Suppose -m*w + 27*w = -419. Is w composite?
False
Let l be ((-2)/(-4))/((-1)/(-238)). Let u = -79 - -137. Suppose -3*m - u = -2*y, -3*m - 9 = -4*y + l. Is y composite?
True
Let j = 22598 + 2675. Is j composite?
True
Is (1545/2 + -1)*(30 + -28) prime?
True
Let q(i) = i**3 - 13*i**2 - 15*i + 18. Let j be q(14). Suppose k = 4*d - 2*d + j, 4*k + 5*d + 10 = 0. Suppose k = -0*o - 5*o + 1685. Is o a composite number?
False
Suppose 47 = 3*a - 205. Let g be (-1)/(1 + a/(-88)). Let z = 45 + g. Is z a prime number?
True
Suppose -277285 = -63*a + 254309. Is a a prime number?
False
Let o(j) = 7*j**3 + 12*j**2 - 10*j + 13. Let i be o(-9). Let c = i - -5787. Is c prime?
True
Suppose -172*u + 107345 = -165*u. Is u a prime number?
False
Let a(w) = 171*w**2 - 38*w - 163. Is a(-16) prime?
True
Suppose 5*p = -26048 + 6228. Let i = p - -8949. Is i a prime number?
False
Suppose 4*h - 24 = -0*h. Let m(n) = n. Let b(f) = 8*f**3 - 6*f**2 - 7. Let z(x) = b(x) + 5*m(x). Is z(h) composite?
True
Let x = -6172 - -10835. Is x prime?
True
Let q be 22340/9 + 32/18 + -2. Suppose 2*r - r = 2*u - q, -4*r - 3713 = -3*u. Is u a composite number?
True
Suppose t - 921 = -u, -2*t = -4*u + 5*u - 916. Suppose 7*m - u = 1727. Is m a prime number?
True
Let y be -1*(7 - 1) + 4. Let j(i) = -i**3 + 6*i**2 + 6*i - 5. Let u be j(6). Is (-11)/y*(u + -9) a prime number?
False
Let v(h) be the third derivative of h**5/20 + h**4/8 - 7*h**3/6 + 9*h**2. Is v(-6) prime?
True
Suppose 3*g + 25 = -2*i - 3*i, 2*g = -5*i - 20. Let d be i/(-6 + 4) - 1588. Let z = d + 2256. Is z a prime number?
False
Let o be ((-14913)/21)/(-3) + 8/28. Let s = o + -110. Is s a composite number?
False
Let h = -2504 - -3681. Is h prime?
False
Is 190046/14 + 2 - 116/(-406) composite?
False
Is (-2)/2*(-28)/7 - -10969 a prime number?
True
Suppose 4*a = -2254 + 19106. Is a a composite number?
True
Let j = -25798 + 88859. Is j a composite number?
True
Let w be (-9 - 2) + 0 + 0. Let j = 7 + w. Let v(h) = -20*h - 6. Is v(j) prime?
False
Suppose 31*u + 7607 = 32*u. Is u composite?
False
Let a be 3/(5 + -2) - 16. Let i = a - -15. Suppose i = 4*q + q - 295. Is q a prime number?
True
Suppose 4*l = -2*s + 3*s + 869, -5*s = -3*l + 639. Let n be 1/4 - (-935)/4. Suppose 4*m - n - l = 0. Is m a prime number?
True
Suppose 0 = 4*f + i + 5*i - 46164, -46164 = -4*f - i. Is f a prime number?
False
Suppose -1756 = x - j - 7034, -5*j + 26340 = 5*x. Is x composite?
False
Let n be 0 - 3 - (-1 - 3). Let c(v) = -v**2 - 10*v - 1. Let t be c(-9). Is 2*(n - (-1188)/t) composite?
True
Suppose 2*l - 90 = -2*q, -q + 4*q - 175 = 5*l. Suppose -q = -5*h - 2*z + 2, h + 3*z = 0. Is 3518/6 + (-4)/h prime?
False
Suppose 4*j = 3*q + 18876, -q - 16 = 3*q. Suppose -8*d - d + j = 0. Suppose -4*g + 1752 - d = 0. Is g composite?
False
Suppose -159*z = -169*z + 69990. Is z a composite number?
True
Let x(n) = -n - 11. Let z be x(-7). Let y be 1/(-4 + (-18)/z). Suppose -4*a + y*h = -3*h - 83, -3*a + 71 = 5*h. Is a composite?
True
Let j(k) = -k**2 - 9*k - 21. Let f be j(-6). Is (f/12 - (-85)/20) + 439 a composite number?
False
Let g(x) be the third derivative of x**5/30 + x**4/4 + 7*x**3/6 - x**2. Suppose -a + 66 - 69 = 0. Is g(a) composite?
False
Let u be (0 - -1)/(7/35). Let o(q) = -12*q + 7. Let b(w) = -12*w + 7. Let z(p) = 2*b(p) - 3*o(p). Is z(u) prime?
True
Suppose u + 4 = 2*u. Let g be 3 - u/(-12)*0. Is (-33)/11*(-371)/g composite?
True
Let r(j) = -13*j**3 + 5*j**2 + 6*j + 13. Let a = 45 + -51. Is r(a) a composite number?
True
Let m(g) = -g**3 - 4*g**2 + 7*g - 5. Let n be m(5). Let t = n + 686. Is t composite?
False
Let w(j) = -840*j + 967. Is w(-20) a composite number?
True
Suppose -5*t + 4*y = -7, t - y = -0*y + 1. Suppose -2*x = -4*g - t*x + 11257, 4*g - 4*x = 11272. Is g prime?
False
Let f = 5 - 2. Let b be 167*(-25)/(-75)*(-1 - -4). Suppose -f*d - 4*g = -b, -6*g + 8 = -2*g. Is d composite?
False
Let a(v) = 4*v**2 + 3*v + 1. Let q = 19 - 15. Let s be (10/q)/((-6)/12). Is a(s) composite?
True
Let k be (-95)/(-35) - (-4)/14. Is k*(3 + 4/(-6)) prime?
True
Suppose 30*i = 18*i + 31524. Is i a prime number?
False
Let d be ((-1035)/(-6))/(1/30). Let l = -682 + d. Is l a prime number?
True
Suppose 2*k = 4*s + 2, -2*s = 5*k + 4 + 3. Let r = s - -6. Suppose 1039 = r*d + 4*v, 2*d - 419 = v + 7. Is d prime?
True
Let f(v) = 31*v + 47. Let d(w) = 108*w + 165. Let x(s) = -5*d(s) + 18*f(s). Let l(r) = -r**3 + 8*r**2 + 2*r - 5. Let g be l(8). Is x(g) prime?
False
Let h = 9231 + -6160. Suppose -9469 = -2*i - h. Is i composite?
True
Let b(i) be the third derivative of -13/6*i**3 + 1/6*i**5 + 1/3*i**4 - 1/120*i**6 + 2*i**2 + 0 + 0*i. Is b(10) a composite number?
False
Let h be -3030 - ((-72)/(-33) + (-2)/11). Is (h/16)/((-2)/(8/2)) a prime number?
True
Let a be (36/(-20))/(3/(-10)). Let j = 6 - a. Suppose j = -3*m + 11 + 154. Is m prime?
False
Suppose 0 = w - 5*j + 10, -5*w - 5*j + 6 + 4 = 0. Let z = 0 + w. Suppose z = 5*b + 79 - 474. Is b prime?
True
Let n be (6/45*3)/((-4)/20). Is (-2)/(n/3) + 3914/19 a composite number?
True
Suppose -2*b + 39095 = 5*b. Is b a composite number?
True
Suppose -3*c + 7*c - 25852 = 0. Is c a prime number?
False
Suppose i - 397 = -9. Let x = -209 + i. Is x a prime number?
True
Suppose -9*j = 2*j - 36223. Is j prime?
False
Let t(s) = 13138*s**2 + 14*s + 17. Is t(-1) composite?
True
Let a(n) = -n - 3. Let b be a(-5). Suppose -5*g + 3*l - 4*l + 2936 = 0, b*l + 585 = g. Is g a composite number?
False
Let n = 67219 + -42825. Is n a composite number?
True
Suppose 2*i - 8*j + 3*j - 25643 = 0, 3 = j. Is i a prime number?
True
Suppose -7*z - 26 = -8*z. Is (z/52)/(2/2692) a composite number?
False
Is 137686/18 + (-7)/(-9) + -1 composite?
False
Let y(j) = 21*j**2 - 18. Let k(s) = s**2 + 1. Let z(t) = 15*k(t) + y(t). Is z(3) prime?
False
Suppose -2*q - 8 = 0, -3*k - 5*q + 563 = -2288. Suppose k - 2562 = -3*r. Is r prime?
False
Suppose 3*r + 5*g = 1353 + 6235, r + 3*g = 2532. Let a = -1411 + r. Is a composite?
True
Let x(q) = -q**3 + 12*q**2 - 13*q + 25. Let v be x(11). Suppose 294 = v*m - 1239. Let d = m + 168. Is d a prime number?
False
Let g(d) = -97*d**3 + 8*d**2 + 29*d + 11. Is g(-6) composite?
True
Is 1257 + 2 - (-8 - -4 - -2) a composite number?
True
Let b = 3039 - 926. Suppose -5*m + 5*o - 1405 = -3*m, -2*o = -3*m - b. Let i = -494 - m. Is i prime?
True
Suppose -167*c = -162*c - 17455. Is c a prime number?
True
Let 